s the remainder when 37 is divided by q?
11
Suppose -g + 4*g = 4*o + 45, -o - 3 = 0. Suppose -g = j - 2*j. Calculate the remainder when 20 is divided by j.
9
Suppose u = 3*u. Suppose u = -2*s + 3*t + 309, -4*s - s + 753 = -t. Suppose -s = -3*p - 2*p. What is the remainder when p is divided by 16?
14
Calculate the remainder when 94 is divided by 16/12*(-1 - -19).
22
Suppose -38 = -r - r. Suppose 0 = -15*m + 7*m + 56. What is the remainder when r is divided by m?
5
Let a(z) = 6*z**2 + 3*z + 4. Let u be a(-3). Suppose -u = -4*i + 175. What is the remainder when i is divided by 15?
11
Let c(p) = -7*p - 1. Suppose -12*k + 76 = -140. What is the remainder when c(-5) is divided by k?
16
Suppose -5*m + 5*d = 35, 0*d + 26 = -2*m - 4*d. Let n = m + 26. Calculate the remainder when n is divided by 10.
7
Suppose 0*y + 3*y - 79 = -5*d, -82 = -5*d - 4*y. What is the remainder when 52 is divided by d?
10
Let p = -27 - -52. Suppose 0 - 6 = -s. Suppose 51 = 5*j + s. What is the remainder when p is divided by j?
7
Let w(r) = -r**3 - 5*r**2 - 8*r - 8. Calculate the remainder when 70 is divided by w(-4).
6
Suppose -3*m - 1 = -k - 9, 0 = 5*m + 2*k - 28. Let s = 6 - m. Suppose 0 = -3*a - 4*d + 68, 60 = s*a - 0*a - d. Calculate the remainder when a is divided by 10.
8
Suppose z + 5*g - 11 - 19 = 0, -10 = -4*z + 2*g. Let a = z + 44. What is the remainder when a is divided by 13?
10
Let a(h) be the third derivative of -h**4/12 + h**3/6 - h**2. Let d = 8 - -12. What is the remainder when d is divided by a(-3)?
6
Suppose 3*r - c - 33 = 0, r = -0*r + 3*c + 19. What is the remainder when 27 is divided by r?
7
Let p(v) = 2*v**2 - 2*v - 2. Let t be p(3). Suppose 3*x = t + 38. Calculate the remainder when 30 is divided by x.
14
Let o(h) = 13*h + 18. Calculate the remainder when 131 is divided by o(2).
43
Let y(o) = o**3 - 26*o**2 + 26*o + 81. What is the remainder when y(25) is divided by 18?
16
Let q = -1 + 13. Calculate the remainder when -23*(-3 - (0 + -1)) is divided by q.
10
Suppose l - 2 = 5*z - 6, -4*z + 8 = 4*l. Calculate the remainder when l is divided by 1.
0
Suppose -3*v - 3*h = -391 + 34, -h = -4*v + 491. What is the remainder when v is divided by 42?
38
Let g be 2*6/(-4) + 8. Suppose 3*t + 0*h + g*h = 173, t - 60 = -4*h. Suppose 0*a = 4*a - t. Calculate the remainder when a is divided by 5.
4
Suppose 5*l - 4*z = 40, -2*z - 18 - 22 = -5*l. What is the remainder when 2/l - 75/(-20) is divided by 2?
0
Suppose 2*o - 143 = -9. What is the remainder when o is divided by 17?
16
Let d be 4 - (2 - -1 - 1). Suppose -4*s - 14 = -5*x, -5*s + d*s + 12 = 0. Suppose -8*n = -106 - 30. What is the remainder when n is divided by x?
5
Calculate the remainder when 13 is divided by 10*4/32*4.
3
Let x = -1 - -6. Calculate the remainder when 38/(-14) + 3 + (-117)/(-7) is divided by x.
2
Let l = 43 - 29. Calculate the remainder when 52 is divided by l.
10
What is the remainder when 12/(-18)*(-30)/4 is divided by 5?
0
What is the remainder when (2 - 4)/4*-46 is divided by 13?
10
Let u(y) = -y**3 - 11*y**2 + 8*y + 16. Suppose -14 = -4*r + 74. What is the remainder when u(-12) is divided by r?
20
Let r(g) = 3*g + 7. Let u = 18 - -35. What is the remainder when u is divided by r(4)?
15
Let m = -8 + 12. Let t = 4 + m. What is the remainder when 21 is divided by t?
5
Suppose -36 = 2*o - 0*o. Let c = 1 - o. Calculate the remainder when c is divided by 7.
5
Calculate the remainder when (-2)/((-710)/175 + 4) is divided by 18.
17
Let v(t) = -10*t - 2. Let a be v(-1). Let h(u) = u**3 - 8*u**2 + 3*u - 8. Calculate the remainder when 31 is divided by h(a).
15
Let f = -4 - -14. Suppose -9 - 11 = -5*c. Suppose c*s = 6 + 10. Calculate the remainder when f is divided by s.
2
Suppose -4 = -2*d + 4. What is the remainder when d is divided by 8/6 + (-4)/(-6)?
0
Let m = 137 - 57. What is the remainder when m is divided by 27?
26
Let r = -17 + 19. Suppose -s - r*s = -57. Calculate the remainder when s is divided by 10.
9
Let m(v) = -v**2 + 6*v - 4. Let x be m(7). Let o = -5 - x. What is the remainder when 21 is divided by o?
3
Let b = -51 - -83. What is the remainder when 189 is divided by b?
29
Suppose -4*p - 30 = -4*a - 6, 0 = 2*a + 3*p - 2. Suppose 2*l = a*x + 32, -3*x + 14 = 2*l - x. Calculate the remainder when 18 is divided by l.
8
Let u = -43 - -23. Let h = -7 - u. What is the remainder when h is divided by 7?
6
Let y(p) = 3*p. Calculate the remainder when 42 is divided by y(5).
12
Let l(w) = 2*w**2 + 4*w - 2. What is the remainder when l(-5) is divided by 15?
13
Let x(d) = -d**3 + 9*d**2 - 9*d - 10. Suppose 0 = 3*r + 3, -2*r + 49 + 5 = 4*y. What is the remainder when x(7) is divided by y?
11
Let p(r) = r - 2. Let c be p(4). Suppose 0 = 4*n - 5*j - 62, c*n - 2*j = 17 + 13. What is the remainder when 25 is divided by n?
12
Let j(l) = l**3 + 4*l**2 - 2*l - 6. Let i be j(-4). Suppose -o + i = -3. Let k = -13 + 20. Calculate the remainder when k is divided by o.
2
Let z(a) = -2*a**3 - 2*a**2 - a + 1. Let t = 3 + -3. Suppose 0 = 3*q + 2*o - 1 - 7, 4*q + o - 19 = t. What is the remainder when z(-2) is divided by q?
5
Suppose -2*q + q = -9. Let z = 50 + -24. What is the remainder when z is divided by q?
8
Suppose 0 = 3*u + 1 - 7. Calculate the remainder when 18 is divided by u + 5*(-3)/(-3).
4
Let p(i) = -i**3 - 7*i**2 - 8*i + 6. Calculate the remainder when 70 is divided by p(-6).
16
Let m = 77 + -32. Calculate the remainder when m is divided by 8.
5
Let r(j) = -2*j**3 + 2*j**2 - 2*j + 1. Let u be r(1). Let h be -1 - 5/(1/u). Suppose -82 = -h*x - 26. Calculate the remainder when 26 is divided by x.
12
Suppose 5*t = -0*t + 275. Suppose -t = 4*a - 9*a. Calculate the remainder when 31 is divided by a.
9
Let b = -27 + 51. What is the remainder when 94 is divided by b?
22
Suppose -k - 2*k + 54 = 0. What is the remainder when 51 is divided by k?
15
Let j(z) = 18*z - 3. What is the remainder when 201 is divided by j(3)?
48
Suppose 0 = 4*p + 28 + 12. Suppose 0 = -s - 1 + 17. Let h = p + s. Calculate the remainder when 16 is divided by h.
4
Calculate the remainder when (-6 + 14)/(4/14) is divided by 3*(-1)/(9/(-30)).
8
Let w(z) = 7*z - 5. Let f(m) = -20*m + 16. Let t(y) = 4*f(y) + 14*w(y). Let q be t(6). Let b = -68 + q. What is the remainder when b is divided by 9?
7
Let y(z) = -z**3 + 4*z**2 + 7*z + 1. Suppose 5 = 4*d - 7. Suppose 10 - 1 = d*c. What is the remainder when y(5) is divided by c?
2
Let s = -80 + 116. Suppose -s = -2*c + 76. What is the remainder when c is divided by (-57)/2*6/(-9)?
18
Let b(c) = 6*c + 2 - 5*c + 2 - 6. What is the remainder when 14 is divided by b(10)?
6
Let p(h) = h**3 + h - 2. Let w be p(2). Let k be ((-6)/w)/((-2)/(-16)). What is the remainder when 7 is divided by (-28)/k + 4/(-6)?
3
Let o = -34 - -50. What is the remainder when 28 is divided by o?
12
Let i = 3 + -7. What is the remainder when 27 + i/((-12)/(-9)) is divided by 9?
6
Let c(t) = 16*t**2 + t. Calculate the remainder when 32 is divided by c(1).
15
Suppose -2*a - 3 + 11 = 0. Suppose -a*d + 14 = -30. Calculate the remainder when 30 is divided by d.
8
Suppose 3*b + 5*z - 29 = 2*b, 2*z = -3*b + 22. Let n = b + -2. What is the remainder when 3 is divided by n?
1
Let x(c) = -c**3 - 3*c**2 - 4. Suppose u = -4*j + 13, -5*j = -4*u + 57 + 37. What is the remainder when u is divided by x(-4)?
9
Suppose -163 = -5*o + 127. What is the remainder when o is divided by (0 - -1) + (1 - -18)?
18
Let l(m) = m**3 - 8*m**2 + 9*m + 6. Calculate the remainder when 56 is divided by l(7).
16
Let w(c) = -c**2 - 9*c + 7. Calculate the remainder when 61 is divided by w(-7).
19
Suppose 4*t = -t + 110. Let w = -12 + t. Calculate the remainder when 2/2*(-1 - -30) is divided by w.
9
Suppose 46*m - 43*m = 123. Suppose 2*p = -1 + 29. Calculate the remainder when m is divided by p.
13
Let u be (10/(-15))/(2/(-57)). Let w = u + -8. Calculate the remainder when w is divided by 6.
5
Let w(o) = 2*o**2 - 12*o. Let g be 12/78 + (-360)/(-26). Let n = g - 3. What is the remainder when w(8) is divided by n?
10
Let r(k) = -k**2 + 8*k - 3. Let m be r(3). Let z = -3 + m. Calculate the remainder when -1 - (1 - -3)/(-2) - -16 is divided by z.
8
Let g = 118 - 105. What is the remainder when g is divided by 8?
5
Suppose -4*p = -2*p - 20. Let v(s) = 3*s. Let m = 24 +